6 a factor of 12040?
True
Is 3624 a multiple of 12?
True
Is 1480 a multiple of 45?
False
Is 8 a factor of 552?
True
Is 2940 a multiple of 5?
True
Does 12 divide 40068?
True
Does 12 divide 3545?
False
Is 7 a factor of 2212?
True
Is 32 a factor of 1987?
False
Is 78 a multiple of 11?
False
Is 2666 a multiple of 43?
True
Is 368 a multiple of 17?
False
Is 112 a factor of 1008?
True
Does 84 divide 6522?
False
Is 37 a factor of 1047?
False
Does 17 divide 2298?
False
Is 14 a multiple of 6?
False
Is 50715 a multiple of 69?
True
Is 32 a factor of 2432?
True
Is 6560 a multiple of 41?
True
Does 39 divide 664?
False
Is 2025 a multiple of 45?
True
Does 139 divide 8000?
False
Is 13 a factor of 3427?
False
Is 13 a factor of 7982?
True
Is 21 a factor of 588?
True
Does 248 divide 39432?
True
Is 105 a factor of 6694?
False
Is 79 a multiple of 2?
False
Does 28 divide 838?
False
Is 47575 a multiple of 173?
True
Does 25 divide 396?
False
Does 20 divide 61260?
True
Is 1106 a multiple of 15?
False
Is 7 a factor of 31346?
True
Is 47 a multiple of 3?
False
Is 80327 a multiple of 292?
False
Is 340 a multiple of 34?
True
Does 23 divide 355?
False
Is 710 a multiple of 10?
True
Is 118300 a multiple of 20?
True
Is 140 a factor of 11850?
False
Is 75 a factor of 825?
True
Is 13 a factor of 2032?
False
Is 11316 a multiple of 80?
False
Is 4 a factor of 79?
False
Does 31 divide 18879?
True
Is 9 a factor of 30112?
False
Is 19 a factor of 19950?
True
Is 91081 a multiple of 349?
False
Is 32 a factor of 13408?
True
Is 18 a factor of 379?
False
Is 225 a multiple of 15?
True
Is 68 a factor of 2656?
False
Is 11 a factor of 42701?
False
Is 23 a factor of 460?
True
Is 32 a factor of 2940?
False
Does 51 divide 4182?
True
Is 26 a multiple of 13?
True
Is 9 a factor of 4459?
False
Is 26784 a multiple of 28?
False
Is 15732 a multiple of 36?
True
Is 112 a factor of 13328?
True
Does 15 divide 313?
False
Is 4975 a multiple of 25?
True
Does 28 divide 76138?
False
Does 3 divide 1578?
True
Is 4115 a multiple of 9?
False
Is 942 a multiple of 11?
False
Is 79120 a multiple of 115?
True
Is 13 even?
False
Is 3 a factor of 177?
True
Is 2494 a multiple of 22?
False
Is 14520 a multiple of 60?
True
Is 14549 a multiple of 6?
False
Does 29 divide 1392?
True
Is 735 a multiple of 15?
True
Is 26 even?
True
Is 6 a factor of 901?
False
Is 182 a multiple of 2?
True
Does 14 divide 812?
True
Does 10 divide 640?
True
Is 6 a factor of 1777?
False
Does 5 divide 710?
True
Does 4 divide 56?
True
Is 81 a factor of 2117?
False
Is 22601 a multiple of 5?
False
Does 61 divide 26169?
True
Is 2145 a multiple of 13?
True
Is 508 a multiple of 8?
False
Is 27257 a multiple of 71?
False
Is 624 a multiple of 8?
True
Does 150 divide 3412?
False
Is 1200 a multiple of 100?
True
Is 112 a factor of 22624?
True
Is 439 a multiple of 9?
False
Is 19 a factor of 7581?
True
Does 30 divide 8670?
True
Is 1076 a multiple of 31?
False
Does 48 divide 528?
True
Does 96 divide 1632?
True
Does 189 divide 14175?
True
Does 52 divide 24483?
False
Is 33 a factor of 38610?
True
Does 238 divide 421?
False
Is 16 a factor of 352?
True
Does 36 divide 458?
False
Does 8 divide 3424?
True
Does 16 divide 1140?
False
Is 13 a factor of 17977?
False
Is 108 a factor of 58129?
False
Does 68 divide 1360?
True
Is 11200 a multiple of 70?
True
Does 10 divide 2218?
False
Is 7055 a multiple of 85?
True
Is 37 a factor of 333?
True
Does 18 divide 324?
True
Is 2 a factor of 8?
True
Is 605 a multiple of 11?
True
Is 23116 a multiple of 16?
False
Is 20884 a multiple of 20?
False
Is 20240 a multiple of 173?
False
Is 4496 a multiple of 5?
False
Is 1520 a multiple of 95?
True
Is 62 a factor of 5027?
False
Is 27690 a multiple of 65?
True
Is 5 a factor of 942?
False
Is 28 a factor of 40124?
True
Is 159 a factor of 8723?
False
Is 1717 a multiple of 101?
True
Is 38 a factor of 3585?
False
Is 24 a factor of 139?
False
Is 22 a factor of 1518?
True
Is 64 a factor of 704?
True
Does 88 divide 7920?
True
Is 10039 a multiple of 9?
False
Is 92112 a multiple of 48?
True
Does 37 divide 3685?
False
Does 96 divide 30432?
True
Is 5 a factor of 161?
False
Is 38286 a multiple of 18?
True
Is 48 a factor of 23110?
False
Is 3 a factor of 52?
False
Is 23301 a multiple of 27?
True
Is 15 a factor of 409?
False
Does 35 divide 11539?
False
Does 12 divide 16555?
False
Is 10 a factor of 669?
False
Does 102 divide 111471?
False
Is 10 a factor of 314?
False
Is 87 a factor of 17319?
False
Is 71937 a multiple of 12?
False
Does 59 divide 708?
True
Is 18 a factor of 648?
True
Is 8 a factor of 702?
False
Is 11866 a multiple of 17?
True
Is 7 a factor of 1856?
False
Does 4 divide 1421?
False
Is 31813 a multiple of 99?
False
Is 55651 a multiple of 4?
False
Does 9 divide 631?
False
Does 8 divide 577?
False
Is 828 a multiple of 42?
False
Does 2 divide 295?
False
Is 45 a factor of 1222?
False
Is 3804 a multiple of 20?
False
Is 39 a multiple of 4?
False
Does 24 divide 1131?
False
Is 85 a factor of 11154?
False
Does 31 divide 4315?
False
Is 10 a factor of 4996?
False
Is 6 a factor of 72?
True
Does 20 divide 1018?
False
Does 40 divide 1975?
False
Is 522 a multiple of 18?
True
Is 26 a factor of 4134?
True
Is 820 a multiple of 171?
False
Does 11 divide 1546?
False
Does 13 divide 178?
False
Is 17088 a multiple of 14?
False
Is 5223 a multiple of 71?
False
Is 127 a multiple of 2?
False
Is 112 a factor of 2576?
True
Is 739 a multiple of 83?
False
Is 21 a factor of 418?
False
Is 26 a factor of 1188?
False
Does 28 divide 1680?
True
Is 227 a factor of 76726?
True
Is 17205 a multiple of 22?
False
Does 15 divide 105?
True
Is 6006 a multiple of 91?
True
Is 2145 a multiple of 40?
False
Is 96 a multiple of 16?
True
Is 22219 a multiple of 59?
False
Does 51 divide 766?
False
Is 20 a factor of 11820?
True
Is 48 a multiple of 27?
False
Is 204 a factor of 11832?
True
Is 19 a factor of 15667?
False
Does 49 divide 3302?
False
Does 16 divide 9176?
False
Is 153 a factor of 19431?
True
Is 1279 a multiple of 4?
False
Is 4 a factor of 6843?
False
Is 24 a factor of 7992?
True
Is 158 a multiple of 2?
True
Is 66041 a multiple of 20?
False
Does 21 divide 750?
False
Does 58 divide 18062?
False
Is 100 a factor of 2300?
True
Does 38 divide 567?
False
Does 2 divide 19?
False
Does 17 divide 306?
True
Is 11 a factor of 6886?
True
Does 20 divide 1563?
False
Is 3553 a multiple of 46?
False
Is 24115 a multiple of 57?
False
Does 9 divide 218?
False
Is 40 a factor of 3736?
False
Is 11 a factor of 8715?
False
Does 2 divide 2696?
True
Is 33 a factor of 18790?
False
Is 5891 even?
False
Does 9 divide 2957?
False
Is 19917 a multiple of 58?
False
Is 76 a factor of 250?
False
Does 13 divide 24518?
True
Is 1687 a multiple of 7?
True
Does 28 divide 1764?
True
Is 19 a factor of 665?
True
Is 28 a factor of 27079?
False
Is 7062 a multiple of 321?
True
Is 159 a factor of 21699?
False
Is 23 a factor of 1877?
False
Is 3 a factor of 257?
False
Is 1386 a multiple of 11?
True
Is 3 a factor of 1123?
False
Is 144 a factor of 197?
False
Is 370 a multiple of 5?
True
Does 21 divide 92841?
True
Is 36633 a multiple of 130?
False
Is 27 a factor of 189?
True
Is 800 a multiple of 8?
True
Does 21 divide 4366?
False
Is 773 a multiple of 98?
False
Is 15735 a multiple of 5?
True
Is 79 a factor of 2940?
False
Is 602 a multiple of 43?
True
Does 20 divide 3024?
False
Is 28074 even?
True
Does 47 divide 781?
False
Is 2053 a multiple of 4?
False
Is 1875 a multiple of 4?
False
Is 52 a factor of 12688?
True
Is 18 a factor of 66482?
False
Is 146 a factor of 49056?
True
Does 49 divide 49?
True
Does 17 divide 5129?
False
Does 4 divide 152?
True
Is 3525 a multiple of 141?
True
Does 30 divide 7530?
True
Is 301 a multiple of 16?
False
Is 113945 a multiple of 54?
False
Does 12 divide 1225?
False
Does 18 divide 1895?
False
Is 520 a multiple of 64?
False
Does 13 divide 28301?
True
Is 1332 a multiple of 18?
True
Is 38802 a multiple of 58?
True
Does 25 divide 5350?
True
Is 145 a factor of 11377?
False
Is 10 a factor of 4049?
False
Is 385 a multiple of 41?
False
Is 42 a factor of 924?
True
Is 3 a factor of 3592?
False
Is 13 a factor of 2977?
True
Is 8 a factor of 382?
False
Is 32235 a multiple of 15?
True
Is 5869 a multiple of 48?
False
Is 74 a factor of 7783?
False
Is 17913 a multiple of 21?
True
Does 12 divide 103